. Determine v(-258).
-4
Let g(b) = -b**3 + 28*b**2 + 154*b + 1118. What is g(31)?
3009
Let o(a) = 21*a**3 + 439*a**2 - 17*a + 525. What is o(-21)?
0
Let l(x) = 33*x**2 + 268*x - 2142. Calculate l(-13).
-49
Let h(g) = -4*g**2 - 1023*g - 16252. Give h(-17).
-17
Let d(u) = -u**3 + 68*u**2 - 130*u - 711. Determine d(66).
-579
Let i(r) = -3*r**3 - 70*r**2 - 87*r + 33. Calculate i(-22).
11
Let p(n) = -5701*n**2 + 45570*n + 309. Give p(8).
5
Let j(z) = -z**2 - 150*z + 16039. What is j(80)?
-2361
Let p(l) = -142*l**2 + 3206*l + 1390. Give p(23).
10
Let k(q) = -q**3 + 8*q**2 + 195*q - 1762. What is k(10)?
-12
Let f(k) = 54*k - 10348. Determine f(191).
-34
Let k(p) = 21*p**3 - 8*p**2 - 4*p + 47. Give k(2).
175
Let p(n) = -4*n**2 + 1526*n - 34521. Determine p(24).
-201
Let v(c) = -17356*c - 850436. Give v(-49).
8
Let h(q) = -10*q**2 + 353*q + 5455. Give h(49).
-1258
Let i(m) = -11*m**3 + 257*m**2 - 901*m - 205. Give i(19).
4
Let v(b) = -442*b + 3645. Determine v(8).
109
Let z(p) = 3946*p - 118405. Determine z(30).
-25
Let i(d) = -264*d - 21474. What is i(-81)?
-90
Let y(h) = -5*h**3 - 1207*h**2 - 4044*h - 365. Determine y(-238).
-841
Let s(u) = -u**2 - 169*u + 364409. Give s(525).
59
Let g(c) = c**2 - 7436*c + 170522. Determine g(23).
23
Let s(p) = -787*p + 24404. What is s(31)?
7
Let c(r) = -46163*r + 46208. Determine c(1).
45
Let p(q) = -q**2 - 25192*q + 579942. Calculate p(23).
-3
Let n(v) = -v**2 + 94*v - 2195. Determine n(46).
13
Let x(h) = -1675*h - 2174. What is x(-1)?
-499
Let l(j) = -62*j**2 - 188*j - 455. Calculate l(-3).
-449
Let o(q) = -6784*q + 67850. Give o(10).
10
Let y(z) = -184*z**2 - 29*z - 13. Determine y(2).
-807
Let h(s) = -1640*s + 65678. Give h(40).
78
Let w(d) = 1004*d + 431743. Give w(-430).
23
Let p(c) = 2*c**3 + 11*c**2 - 508*c + 52. Give p(-18).
1096
Let l(z) = -3*z**3 - 66*z**2 + 1242*z + 27305. What is l(-22)?
-19
Let n(l) = -430*l + 22433. Calculate n(61).
-3797
Let t(h) = 19518*h - 19509. Calculate t(1).
9
Let h(a) = a**2 - 488*a + 47027. Determine h(132).
35
Let c(b) = 162688*b + 3416446. Determine c(-21).
-2
Let v(h) = 20*h**2 - 18*h - 222. What is v(-8)?
1202
Let g(l) = -27*l**2 + 909*l - 6325. What is g(7)?
-1285
Let n(t) = -t**3 + 462*t**2 + 19003*t - 1449. Give n(500).
51
Let r(k) = -75*k**3 - 148*k**2 - 91*k - 179. Calculate r(-2).
11
Let q(h) = -3104*h - 14673. What is q(-5)?
847
Let v(g) = -8*g**3 + 10*g**2 + 140*g + 77. Calculate v(-6).
1325
Let i(p) = -2*p**2 - 489*p + 14991. Give i(-277).
-3014
Let i(b) = -10551*b + 189917. What is i(18)?
-1
Let f(r) = -2*r**2 + 49*r + 366. Determine f(-11).
-415
Let r(v) = -3*v**3 - 1130*v**2 + 368*v - 3366. What is r(-377)?
27
Let r(t) = -368*t**3 + 7*t**2 - 8*t - 14. What is r(-1)?
369
Let w(g) = -9*g**3 + 5*g**2 - 146*g + 541. What is w(4)?
-539
Let b(f) = 2*f**2 + 159*f - 1089. What is b(-86)?
29
Let x(z) = 2622*z + 97013. What is x(-37)?
-1
Let n(t) = t**3 + 65*t**2 + 375*t + 19939. Give n(-64).
35
Let i(c) = -843*c + 7877. Give i(9).
290
Let g(n) = 46*n**3 - 650*n**2 + 621*n + 28. Calculate g(1).
45
Let y(z) = -66*z - 388. Give y(-1).
-322
Let g(x) = x**3 - 67*x**2 + 521*x - 540. What is g(58)?
-598
Let f(i) = i**2 - 51*i + 323. Calculate f(34).
-255
Let x(c) = 2*c**2 + 37226*c - 1492252. Determine x(40).
-12
Let r(f) = -f**2 - 109*f + 1760. Give r(-132).
-1276
Let h(b) = -34074*b + 545177. What is h(16)?
-7
Let g(y) = -y**3 - 568*y**2 - 2243*y + 7292. Give g(-564).
-40
Let g(a) = a**3 - 79*a**2 + 1375*a + 4709. Calculate g(33).
-10
Let q(a) = 6332*a + 1614659. Give q(-255).
-1
Let t(r) = -5*r**2 + 1364*r - 12816. What is t(263)?
71
Let d(u) = 20*u**2 - 579*u + 655. Give d(27).
-398
Let m(a) = 3*a**2 + 2467*a - 111366. What is m(43)?
262
Let p(w) = -16118*w**2 + 338482*w - 71. What is p(21)?
13
Let k(x) = -x**3 + 4042*x**2 - 742850*x - 1336. Determine k(193).
15
Let i(u) = u**3 - 33*u**2 - 171*u - 100. Give i(-5).
-195
Let n(z) = 10*z**3 - 12*z**2 - 49*z - 66. What is n(-4)?
-702
Let b(l) = 2*l**2 + 2109*l - 25598. What is b(12)?
-2
Let r(t) = 977*t + 119194. Calculate r(-122).
0
Let f(y) = 248*y**2 - 9939*y + 252. Determine f(40).
-508
Let q(f) = 65*f**2 + 335*f - 2411. Give q(7).
3119
Let z(d) = -14907*d + 14826. Calculate z(1).
-81
Let y(r) = -r**3 + 503*r**2 + 5677*r - 11827. What is y(514)?
-5
Let x(j) = j**2 + 78*j - 14648. Determine x(92).
992
Let y(u) = -8*u**3 + 17*u**2 - 10*u - 93. Calculate y(4).
-373
Let q(h) = -4427*h - 17842. Give q(-4).
-134
Let l(d) = 309*d - 11928. Give l(38).
-186
Let i(b) = 25*b**3 + 82*b**2 - 15*b + 8. Calculate i(2).
506
Let i(k) = -777202*k + 8549213. Determine i(11).
-9
Let w(v) = -29*v - 1431. Determine w(-31).
-532
Let l(y) = -y**2 + 946*y + 21124. Give l(-21).
817
Let x(s) = -2*s**2 + 734*s + 9091. Determine x(-12).
-5
Let z(g) = 9*g**2 - 661*g - 7997. What is z(84)?
-17
Let d(z) = 1163*z - 19850. Give d(17).
-79
Let v(n) = 27427*n - 466214. Determine v(17).
45
Let m(g) = 2957*g - 212930. Give m(72).
-26
Let h(f) = -806*f**2 + 13645*f + 968. What is h(17)?
-1
Let q(j) = -11890*j + 689543. Give q(58).
-77
Let h(f) = -10*f**2 + 598*f + 4267. Give h(-7).
-409
Let m(g) = 13*g**2 - 2161*g + 4193. Give m(2).
-77
Let x(r) = 221*r**2 + 5624*r + 2465. Calculate x(-25).
-10
Let q(p) = -1021*p**2 + 488030*p + 3820. What is q(478)?
-4
Let v(r) = 2*r**2 + 146*r + 1640. Give v(-16).
-184
Let i(h) = -2*h**3 - 22*h**2 + 233*h - 134. Give i(-18).
208
Let r(y) = y**3 + 165*y**2 - 2895*y + 285. Determine r(-181).
104
Let w(m) = -1991*m + 64455. Give w(34).
-3239
Let w(c) = 5*c**3 + 2185*c**2 + 6*c + 2584. Determine w(-437).
-38
Let r(y) = -18*y**2 - 104*y - 64. Calculate r(-2).
72
Let o(d) = 20165*d - 43899206. Give o(2177).
-1
Let y(s) = s**3 - 4146*s + 8300. Calculate y(2).
16
Let y(r) = 208*r + 12156. Determine y(-56).
508
Let v(p) = -38*p**3 + 842*p**2 - 126*p - 59. Give v(22).
73
Let q(f) = -f**3 - 167*f**2 - 4495*f - 9757. Give q(-134).
25
Let v(l) = 13952*l - 27823. Calculate v(2).
81
Let d(k) = -2*k**3 + 1489*k**2 - 14673*k - 173. Calculate d(10).
-3
Let r(b) = 2*b**3 + 28*b**2 + 43*b + 118. Calculate r(-15).
-977
Let w(p) = -169586*p - 6105150. Give w(-36).
-54
Let r(o) = o**2 - 66183*o - 397131. Give r(-6).
3
Let x(a) = -3*a**3 - 717*a**2 + 720*a - 134. What is x(-240)?
-134
Let x(v) = 710*v**2 + 744082*v + 2080. Calculate x(-1048).
-16
Let j(u) = 24*u**2 - 500*u + 1663. What is j(4)?
47
Let j(v) = 5*v**3 - 70*v**2 - 77*v + 55. Give j(15).
25
Let i(p) = -44*p**2 - 2126*p - 8507. What is i(-4)?
-707
Let z(h) = -292*h + 60754. Calculate z(208).
18
Let s(l) = -2*l**3 - 398*l**2 - 767*l + 4147. Give s(-197).
10
Let n(a) = 2242*a + 5642. Determine n(-4).
-3326
Let l(x) = x**3 - 1525*x**2 + 16583*x + 107490. Determine l(1514).
-4
Let f(r) = -24386*r - 195096. What is f(-8)?
-8
Let j(p) = -74*p**3 - 8*p**2 + 714*p + 3493. Calculate j(-5).
8973
Let g(o) = 4*o**2 - 148*o + 970. Give g(8).
42
Let s(r) = -r**3 + 15*r**2 + 1249*r - 19694. What is s(16)?
34
Let w(d) = 3588*d + 739087. Give w(-206).
-41
Let t(q) = -q**3 - 197*q**2 + 647*q + 9404. Determine t(-200).
4
Let i(n) = n**3 - 201*n**2 + 7341*n + 499. Determine i(153).
40
Let s(u) = 489*u - 56682. Give s(117).
531
Let z(m) = 531*m**2 - 108*m + 345. Give z(3).
4800
Let k(r) = -2*r**2 + 621*r - 25150. Determine k(261).
689
Let y(i) = -i**3 - 51*i**2 - 225*i + 246. What is y(-46)?
16
Let h(a) = 18*a**2 - 1634*a + 170. Calculate h(91).
534
Let t(x) = -1218*x - 473. Determine t(0).
-473
Let u(v) = 7*v**3 + 390*v**2 - 113*v + 102. Calculate u(-56).
158
Let v(o) = -836*o + 16601. Calculate v(20).
-119
Let l(q) = 48*q**2 + 723*q + 2871. Calculate l(-4).
747
Let n(g) = g**3 + 12*g**2 - 192*g - 3. Give n(-22).
-619
Let t(z) = z**3 - 121*z**2 - 987*z - 61369. Give t(132).
11
Let z(o) = -o**2 - 10182*o - 2878279. Determine z(-291).
2
Let n(a) = a**3 + 95*a**2 + 1906*a - 291. Give n(-29).
-59
Let q(y) = -2*y**2 + 18314*y - 73226. What is q(4)?
-2
Let o(h) = -24*h**3 + 58*h**2 + 218*h - 11. Calculate o(-4).
1581
Let y(l) = 34541*l + 6873662. What is y(-199)?
3
Let a(b) = -2*b**3 - 11*b**2 + 38*b - 121. Determine a(-11).
792
Let r(f) = -f**2 - 13242*f + 958558. Determine r(72).
-50
Let m(b) = 1608*b + 107747. Give m(-67).
11
Let c(z) = -89406*z + 27537053. Determine c(308).
5
Let t(v) = -1885*v + 8935. 